?
6
What is the hundreds digit of 3741?
7
What is the hundreds digit of 366?
3
What is the hundreds digit of 1472?
4
What is the tens digit of 10504?
0
What is the hundreds digit of 4852?
8
What is the hundreds digit of 3404?
4
What is the ten thousands digit of 72316?
7
What is the thousands digit of 2077?
2
What is the ten thousands digit of 21222?
2
What is the hundred thousands digit of 128940?
1
What is the hundreds digit of 1432?
4
What is the hundreds digit of 54192?
1
What is the tens digit of 13?
1
What is the units digit of 4980?
0
What is the hundreds digit of 20027?
0
What is the tens digit of 65691?
9
What is the units digit of 81268?
8
What is the hundreds digit of 5589?
5
What is the hundreds digit of 2689?
6
What is the units digit of 49566?
6
What is the units digit of 1207?
7
What is the units digit of 767?
7
What is the units digit of 1696?
6
What is the tens digit of 57812?
1
What is the units digit of 10469?
9
What is the thousands digit of 31467?
1
What is the thousands digit of 7051?
7
What is the tens digit of 878?
7
What is the thousands digit of 3765?
3
What is the units digit of 11282?
2
What is the units digit of 7193?
3
What is the units digit of 9291?
1
What is the hundreds digit of 794?
7
What is the tens digit of 10677?
7
What is the units digit of 844?
4
What is the tens digit of 30662?
6
What is the thousands digit of 7300?
7
What is the units digit of 266?
6
What is the hundreds digit of 1086?
0
What is the hundreds digit of 4562?
5
What is the ten thousands digit of 43364?
4
What is the ten thousands digit of 11985?
1
What is the hundreds digit of 24793?
7
What is the hundreds digit of 105?
1
What is the hundreds digit of 114?
1
What is the thousands digit of 1849?
1
What is the hundreds digit of 802?
8
What is the tens digit of 38154?
5
What is the hundreds digit of 27924?
9
What is the tens digit of 465?
6
What is the ten thousands digit of 15872?
1
What is the hundreds digit of 40645?
6
What is the thousands digit of 3253?
3
What is the units digit of 142?
2
What is the hundreds digit of 26522?
5
What is the units digit of 1069?
9
What is the hundreds digit of 1338?
3
What is the thousands digit of 54978?
4
What is the tens digit of 254?
5
What is the tens digit of 6127?
2
What is the hundreds digit of 684?
6
What is the tens digit of 13300?
0
What is the hundreds digit of 1024?
0
What is the hundreds digit of 53153?
1
What is the hundreds digit of 47429?
4
What is the ten thousands digit of 91740?
9
What is the units digit of 4932?
2
What is the thousands digit of 12649?
2
What is the tens digit of 2137?
3
What is the units digit of 23666?
6
What is the hundreds digit of 542?
5
What is the ten thousands digit of 24507?
2
What is the units digit of 960?
0
What is the tens digit of 7773?
7
What is the hundreds digit of 12247?
2
What is the hundreds digit of 1585?
5
What is the hundred thousands digit of 112979?
1
What is the thousands digit of 2042?
2
What is the thousands digit of 22391?
2
What is the hundreds digit of 6632?
6
What is the tens digit of 551?
5
What is the hundreds digit of 2863?
8
What is the tens digit of 1859?
5
What is the units digit of 28661?
1
What is the hundreds digit of 2093?
0
What is the units digit of 26707?
7
What is the tens digit of 1875?
7
What is the units digit of 94696?
6
What is the tens digit of 3337?
3
What is the thousands digit of 13288?
3
What is the hundreds digit of 1081?
0
What is the hundreds digit of 6027?
0
What is the units digit of 412?
2
What is the tens digit of 133095?
9
What is the thousands digit of 14747?
4
What is the tens digit of 99751?
5
What is the tens digit of 67637?
3
What is the ten thousands digit of 25139?
2
What is the units digit of 658?
8
What is the units digit of 2437?
7
What is the units digit of 8124?
4
What is the hundreds digit of 9639?
6
What is the ten thousands digit of 120509?
2
What is the hundreds digit of 5799?
7
What is the tens digit of 44343?
4
What is the tens digit of 68605?
0
What is the thousands digit of 42543?
2
What is the units digit of 2731?
1
What is the ten thousands digit of 11388?
1
What is the ten thousands digit of 162261?
6
What is the thousands digit of 8718?
8
What is the units digit of 3194?
4
What is the hundreds digit of 12338?
3
What is the hundreds digit of 4721?
7
What is the ten thousands digit of 157712?
5
What is the tens digit of 621?
2
What is the thousands digit of 6371?
6
What is the tens digit of 2826?
2
What is the tens digit of 15277?
7
What is the thousands digit of 1359?
1
What is the hundreds digit of 597?
5
What is the hundreds digit of 1687?
6
What is the units digit of 66244?
4
What is the hundreds digit of 9300?
3
What is the tens digit of 3389?
8
What is the units digit of 161?
1
What is the ten thousands digit of 87367?
8
What is the thousands digit of 1386?
1
What is the units digit of 3106?
6
What is the tens digit of 31150?
5
What is the thousands digit of 6501?
6
What is the hundreds digit of 6913?
9
What is the thousands digit of 11265?
1
What is the tens digit of 257?
5
What is the tens digit of 4361?
6
What is the tens digit of 327?
2
What is the units digit of 9006?
6
What is the hundreds digit of 25533?
5
What is the tens digit of 1094?
9
What is the thousands digit of 3946?
3
What is the ten thousands digit of 121349?
2
What is the units digit of 15087?
7
What is the thousands digit of 1466?
1
What is the tens digit of 16257?
5
What is the tens digit of 193?
9
What is the units digit of 1785?
5
What is the hundreds digit of 4091?
0
What is the hundreds digit of 173?
1
What is the units digit of 99768?
8
What is the thousands digit of 18482?
8
What is the thousands digit of 1691?
1
What is the thousands digit of 42119?
2
What is the hundreds digit of 20482?
4
What is the hundreds digit of 1310?
3
What is the thousands digit of 3269?
3
What is the tens digit of 873?
7
What is the thousands digit of 56629?
6
What is the thousands digit of 3000?
3
What is the hundreds digit of 6647?
6
What is the units digit of 8697?
7
What is the ten thousands digit of 63895?
6
What is the hundreds digit of 831?
8
What is the hundreds digit of 970?
9
What is the thousands digit of 9737?
9
What is the hundreds digit of 91555?
5
What is the thousands digit of 1508?
1
What is the hundred thousands digit of 124117?
1
What is the hundreds digit of 35893?
8
What is the thousands digit of 36598?
6
What is the tens digit of 1354?
5
What is the tens digit of 6600?
0
What is the ten thousands digit of 13338?
1
What is the units digit of 11772?
2
What is the units digit of 3827?
7
What is the thousands digit of 5906?
5
What is the hundreds digit of 53568?
5
What is the tens digit of 175?
7
What is the units digit of 1200?
0
What is the hundreds digit of 1020?
0
What is the hundreds digit of 3452?
4
What is the tens digit of 17209?
0
What is the tens digit of 6779?
7
What is the tens digit of 18370?
7
What is the tens digit of 1183?
8
What is the thousands digit of 8360?
8
What is the tens digit of 23568?
6
What is the tens digit of 31573?
7
What is the units digit of 1133?
3
What is the hundreds digit of 2721?
7
What is the tens digit of 29522?
2
What is the hundreds digit of 7866?
8
What is the thousands digit of 5433?
5
What is the ten thousands digit of 13171?
1
What is the units digit of 2766?
6
What is the hundreds digit of 3818?
8
What is the hundreds digit of 466?
4
What is the thousands digit of 31922?
1
What is the units digit of 26447?
7
What is the tens digit of 2227?
2
What is the tens digit of 99?
9
What is the tens digit of 10221?
2
What is the units digit of 6298?
8
What is the tens digit of 3629?
2
What is the hundreds digit of 6363?
3
What is the hundreds digit of 26860?
8
What is the units digit of 740?
0
What is the units digit of 616?
6
What is the units digit of 9916?
6
What is the thousands digit of 3722?
3
What is the hundreds digit of 227?
2
What is the units digit of 2365?
5
What is the tens digit of 20354?
5
What is the thousands digit of 2852?
2
What is the tens digit of 365?
6
What is the hundreds digit of 15372?
3
What is the tens digit of 473?
7
What is the thousands digit of 7185?
7
What is the units digit of 8685?
5
What is the units digit of 282?
2
What is the un